d by 65.
61
Calculate the remainder when 13853 is divided by 4604.
41
Calculate the remainder when 2247 is divided by 85.
37
Calculate the remainder when 5243 is divided by 912.
683
What is the remainder when 29487 is divided by 5889?
42
What is the remainder when 38920 is divided by 812?
756
Calculate the remainder when 553847 is divided by 1128.
1127
Calculate the remainder when 2833879 is divided by 1624.
1623
Calculate the remainder when 18627 is divided by 69.
66
Calculate the remainder when 115015 is divided by 57492.
31
Calculate the remainder when 65580 is divided by 189.
186
Calculate the remainder when 6138 is divided by 555.
33
Calculate the remainder when 6343 is divided by 3106.
131
What is the remainder when 5144 is divided by 4713?
431
Calculate the remainder when 6666 is divided by 39.
36
What is the remainder when 14404 is divided by 378?
40
What is the remainder when 92635 is divided by 2503?
24
Calculate the remainder when 10486 is divided by 1165.
1
Calculate the remainder when 4347 is divided by 624.
603
What is the remainder when 11941 is divided by 1204?
1105
What is the remainder when 13539 is divided by 46?
15
Calculate the remainder when 5943 is divided by 2967.
9
Calculate the remainder when 124622 is divided by 997.
994
What is the remainder when 1140549 is divided by 252?
249
What is the remainder when 1195 is divided by 1133?
62
Calculate the remainder when 328023 is divided by 36440.
63
What is the remainder when 190436 is divided by 13?
12
Calculate the remainder when 2984 is divided by 45.
14
What is the remainder when 2409 is divided by 2392?
17
Calculate the remainder when 1455 is divided by 24.
15
Calculate the remainder when 1123913 is divided by 72.
65
What is the remainder when 37672 is divided by 182?
180
Calculate the remainder when 2459 is divided by 53.
21
What is the remainder when 10719 is divided by 834?
711
Calculate the remainder when 1597 is divided by 39.
37
Calculate the remainder when 109520 is divided by 1369.
0
Calculate the remainder when 56189 is divided by 40.
29
Calculate the remainder when 1437 is divided by 364.
345
What is the remainder when 119435 is divided by 1057?
1051
Calculate the remainder when 5339 is divided by 1778.
5
What is the remainder when 41728 is divided by 345?
328
Calculate the remainder when 5641 is divided by 627.
625
Calculate the remainder when 18395 is divided by 9164.
67
What is the remainder when 7525222 is divided by 1659?
1657
What is the remainder when 1971 is divided by 128?
51
Calculate the remainder when 146671 is divided by 178.
177
Calculate the remainder when 931367 is divided by 110.
107
What is the remainder when 168829 is divided by 111?
109
Calculate the remainder when 18142 is divided by 84.
82
What is the remainder when 14851 is divided by 27?
1
Calculate the remainder when 7138 is divided by 2369.
31
What is the remainder when 1744 is divided by 1722?
22
Calculate the remainder when 1086240 is divided by 2282.
8
What is the remainder when 22232 is divided by 7081?
989
What is the remainder when 30454 is divided by 324?
322
What is the remainder when 1009 is divided by 100?
9
What is the remainder when 454067 is divided by 17?
14
What is the remainder when 1466 is divided by 1035?
431
What is the remainder when 851 is divided by 680?
171
Calculate the remainder when 2975 is divided by 1015.
945
What is the remainder when 1800 is divided by 3?
0
Calculate the remainder when 134171 is divided by 13.
11
Calculate the remainder when 12044 is divided by 256.
12
Calculate the remainder when 7537 is divided by 3761.
15
Calculate the remainder when 6186 is divided by 229.
3
What is the remainder when 15650 is divided by 86?
84
Calculate the remainder when 405303 is divided by 19.
14
What is the remainder when 35793 is divided by 221?
212
What is the remainder when 2396 is divided by 625?
521
Calculate the remainder when 19282 is divided by 12.
10
What is the remainder when 8811 is divided by 87?
24
Calculate the remainder when 482 is divided by 442.
40
Calculate the remainder when 8285 is divided by 8.
5
What is the remainder when 50704 is divided by 16877?
73
What is the remainder when 11798 is divided by 1067?
61
Calculate the remainder when 2111 is divided by 419.
16
Calculate the remainder when 356000 is divided by 279.
275
What is the remainder when 98463 is divided by 235?
233
Calculate the remainder when 42285 is divided by 14089.
18
What is the remainder when 151284 is divided by 410?
404
Calculate the remainder when 39164 is divided by 12.
8
Calculate the remainder when 2207 is divided by 534.
71
What is the remainder when 2011 is divided by 152?
35
What is the remainder when 236083 is divided by 236070?
13
What is the remainder when 12956 is divided by 1293?
26
What is the remainder when 431 is divided by 47?
8
Calculate the remainder when 171603 is divided by 655.
648
Calculate the remainder when 2107 is divided by 271.
210
Calculate the remainder when 121 is divided by 62.
59
Calculate the remainder when 5875 is divided by 648.
43
What is the remainder when 5498 is divided by 108?
98
What is the remainder when 11542 is divided by 322?
272
What is the remainder when 6710 is divided by 38?
22
Calculate the remainder when 14380 is divided by 1842.
1486
What is the remainder when 81489 is divided by 3703?
23
Calculate the remainder when 1756239 is divided by 74.
71
Calculate the remainder when 6505 is divided by 2726.
1053
Calculate the remainder when 53598 is divided by 1115.
78
What is the remainder when 567355 is divided by 30?
25
What is the remainder when 269222 is divided by 1264?
1254
What is the remainder when 1147234 is divided by 158?
154
Calculate the remainder when 110573 is divided by 981.
701
What is the remainder when 1433952 is divided by 2?
0
What is the remainder when 505 is divided by 495?
10
Calculate the remainder when 6625 is divided by 236.
17
Calculate the remainder when 37603 is divided by 62.
31
Calculate the remainder when 177146 is divided by 88573.
0
What is the remainder when 112943 is divided by 604?
599
Calculate the remainder when 71780 is divided by 245.
240
Calculate the remainder when 1654 is divided by 1646.
8
Calculate the remainder when 14462 is divided by 139.
6
Calculate the remainder when 960046 is divided by 480023.
0
Calculate the remainder when 230 is divided by 202.
28
Calculate the remainder when 37411 is divided by 170.
11
What is the remainder when 6283 is divided by 313?
23
Calculate the remainder when 3236479 is divided by 778.
777
Calculate the remainder when 2697 is divided by 1550.
1147
What is the remainder when 7206584 is divided by 19?
17
Calculate the remainder when 3371 is divided by 484.
467
Calculate the remainder when 413670 is divided by 56.
54
Calculate the remainder when 1840 is divided by 308.
300
Calculate the remainder when 14108 is divided by 5839.
2430
What is the remainder when 479 is divided by 49?
38
Calculate the remainder when 63515 is divided by 31753.
9
Calculate the remainder when 2041 is divided by 45.
16
Calculate the remainder when 26957 is divided by 255.
182
What is the remainder when 92107 is divided by 22?
15
Calculate the remainder when 7629003 is divided by 42.
39
What is the remainder when 3656 is divided by 291?
164
Calculate the remainder when 63657 is divided by 16.
9
What is the remainder when 1160 is divided by 226?
30
Calculate the remainder when 266859 is divided by 474.
471
What is the remainder when 9697 is divided by 96?
1
Calculate the remainder when 5981 is divided by 873.
743
What is the remainder when 24381 is divided by 24249?
132
What is the remainder when 698164 is divided by 43?
16
What is the remainder when 422508 is divided by 1462?
1452
What is the remainder when 289397 is divided by 6?
5
What is the remainder when 88816 is divided by 9868?
4
Calculate the remainder when 15911 is divided by 97.
3
Calculate the remainder when 1310 is divided by 2.
0
What is the remainder when 1597478 is divided by 177497?
5
What is the remainder when 136241 is divided by 155?
151
What is the remainder when 83008 is divided by 135?
118
What is the remainder when 369448 is divided by 123149?
1
What is the remainder when 9220 is divided by 136?
108
Wha